is the ten thousands digit of 7356572959?
7
What is the ten millions digit of 987687416?
8
What is the ten millions digit of 3027246599?
2
What is the hundreds digit of 4598743?
7
What is the ten thousands digit of 2004151361?
5
What is the units digit of 579694343?
3
What is the hundred thousands digit of 750978441?
9
What is the millions digit of 105765943?
5
What is the thousands digit of 38606697?
6
What is the millions digit of 148090426?
8
What is the millions digit of 723008249?
3
What is the millions digit of 18414601?
8
What is the thousands digit of 532362807?
2
What is the units digit of 44491291?
1
What is the units digit of 33828231?
1
What is the hundreds digit of 81271162?
1
What is the millions digit of 1675377522?
5
What is the ten thousands digit of 978576?
7
What is the hundred thousands digit of 1470335021?
3
What is the millions digit of 446710885?
6
What is the tens digit of 43517373?
7
What is the hundreds digit of 1217581547?
5
What is the billions digit of 1790572877?
1
What is the hundred thousands digit of 185671657?
6
What is the units digit of 241251292?
2
What is the thousands digit of 1087845942?
5
What is the ten millions digit of 87761763?
8
What is the ten millions digit of 49334888?
4
What is the units digit of 2581205472?
2
What is the units digit of 268656237?
7
What is the ten millions digit of 92679076?
9
What is the units digit of 86426737?
7
What is the hundreds digit of 456306782?
7
What is the hundred thousands digit of 4428282534?
2
What is the ten thousands digit of 38450088?
5
What is the ten thousands digit of 141827322?
2
What is the hundred millions digit of 1194990243?
1
What is the hundred millions digit of 360318821?
3
What is the hundreds digit of 382060155?
1
What is the hundreds digit of 12626399?
3
What is the thousands digit of 267427222?
7
What is the units digit of 435500700?
0
What is the hundreds digit of 98469028?
0
What is the tens digit of 72066071?
7
What is the hundred thousands digit of 177252797?
2
What is the tens digit of 20614108?
0
What is the units digit of 88400656?
6
What is the hundred thousands digit of 3173507699?
5
What is the hundred thousands digit of 1449152046?
1
What is the tens digit of 353560651?
5
What is the hundreds digit of 406570528?
5
What is the hundred millions digit of 1492501536?
4
What is the ten millions digit of 719734634?
1
What is the hundreds digit of 251553470?
4
What is the hundreds digit of 540441425?
4
What is the billions digit of 1652391989?
1
What is the units digit of 627978816?
6
What is the tens digit of 206004821?
2
What is the ten thousands digit of 123586368?
8
What is the ten millions digit of 5849939755?
4
What is the hundred thousands digit of 299488451?
4
What is the tens digit of 77063258?
5
What is the hundreds digit of 2874440893?
8
What is the hundreds digit of 25867366?
3
What is the millions digit of 800060886?
0
What is the millions digit of 145147529?
5
What is the millions digit of 3721392075?
1
What is the millions digit of 20908990?
0
What is the hundred millions digit of 871988152?
8
What is the ten millions digit of 639742655?
3
What is the hundreds digit of 19342020?
0
What is the ten millions digit of 82306863?
8
What is the tens digit of 42817562?
6
What is the ten millions digit of 27472486?
2
What is the billions digit of 2324458377?
2
What is the thousands digit of 370982333?
2
What is the units digit of 2102006992?
2
What is the ten thousands digit of 427846261?
4
What is the hundred thousands digit of 106385408?
3
What is the ten millions digit of 44389223?
4
What is the hundreds digit of 4449428373?
3
What is the hundred millions digit of 573798125?
5
What is the millions digit of 158842298?
8
What is the ten thousands digit of 682700001?
0
What is the hundreds digit of 21102385?
3
What is the hundred thousands digit of 201235804?
2
What is the millions digit of 30563173?
0
What is the hundred millions digit of 408551625?
4
What is the hundreds digit of 23049140?
1
What is the millions digit of 294714772?
4
What is the units digit of 76443852?
2
What is the hundreds digit of 86628428?
4
What is the hundred thousands digit of 43385446?
3
What is the ten millions digit of 565224078?
6
What is the ten thousands digit of 26126499?
2
What is the thousands digit of 950092985?
2
What is the ten millions digit of 730026144?
3
What is the ten thousands digit of 3686923710?
2
What is the units digit of 392285620?
0
What is the units digit of 2783217623?
3
What is the hundred thousands digit of 85057666?
0
What is the hundreds digit of 2069879002?
0
What is the billions digit of 8717826259?
8
What is the tens digit of 22107420?
2
What is the hundreds digit of 386188278?
2
What is the ten millions digit of 417296429?
1
What is the units digit of 4901554088?
8
What is the units digit of 522701741?
1
What is the ten thousands digit of 822573413?
7
What is the millions digit of 23725975?
3
What is the units digit of 2984654766?
6
What is the ten millions digit of 236429422?
3
What is the thousands digit of 823838173?
8
What is the units digit of 3552739?
9
What is the ten millions digit of 179923334?
7
What is the hundreds digit of 272012846?
8
What is the units digit of 650154428?
8
What is the hundred thousands digit of 66221310?
2
What is the hundred thousands digit of 75022501?
0
What is the hundred thousands digit of 690784348?
7
What is the units digit of 1025538525?
5
What is the millions digit of 601922603?
1
What is the hundred millions digit of 120420515?
1
What is the hundreds digit of 652211097?
0
What is the ten millions digit of 207081716?
0
What is the hundreds digit of 51633093?
0
What is the hundred millions digit of 895923799?
8
What is the millions digit of 783668119?
3
What is the units digit of 58181883?
3
What is the thousands digit of 65453266?
3
What is the units digit of 2404826234?
4
What is the thousands digit of 1810490000?
0
What is the hundred thousands digit of 3071945615?
9
What is the ten millions digit of 54767716?
5
What is the thousands digit of 76877919?
7
What is the tens digit of 65300801?
0
What is the ten millions digit of 723410067?
2
What is the ten thousands digit of 42540129?
4
What is the tens digit of 23530219?
1
What is the ten thousands digit of 1804900976?
0
What is the units digit of 148419765?
5
What is the ten thousands digit of 158738505?
3
What is the hundred thousands digit of 600437555?
4
What is the units digit of 86441705?
5
What is the millions digit of 586186324?
6
What is the millions digit of 49634953?
9
What is the hundred millions digit of 3043697320?
0
What is the ten millions digit of 200031360?
0
What is the ten millions digit of 152459452?
5
What is the millions digit of 184256103?
4
What is the tens digit of 122069000?
0
What is the thousands digit of 764592697?
2
What is the billions digit of 2180103062?
2
What is the hundred thousands digit of 467218790?
2
What is the tens digit of 4617650116?
1
What is the hundreds digit of 45399464?
4
What is the hundreds digit of 4400157049?
0
What is the ten millions digit of 2230684768?
3
What is the thousands digit of 298943863?
3
What is the hundreds digit of 789914967?
9
What is the thousands digit of 404650110?
0
What is the tens digit of 142183630?
3
What is the hundred thousands digit of 1044544412?
5
What is the ten thousands digit of 44632647?
3
What is the millions digit of 29544857?
9
What is the units digit of 1015945979?
9
What is the ten thousands digit of 388346165?
4
What is the millions digit of 123852826?
3
What is the units digit of 690824329?
9
What is the thousands digit of 472888210?
8
What is the hundred thousands digit of 119258200?
2
What is the tens digit of 180826188?
8
What is the ten thousands digit of 100810571?
1
What is the hundred millions digit of 144569333?
1
What is the tens digit of 854956542?
4
What is the ten thousands digit of 757513109?
1
What is the hundred thousands digit of 30670897?
6
What is the thousands digit of 2723776446?
6
What is the tens digit of 408626661?
6
What is the ten thousands digit of 104034974?
3
What is the ten thousands digit of 909648913?
4
What is the hundred thousands digit of 2563708987?
7
What is the billions digit of 1760542107?
1
What i